What is the remainder when 48 is divided by n?
9
Let m be (3 - 30)/((-6)/4). Suppose 0*i = -3*i + m. What is the remainder when i is divided by 2?
0
Let t = 47 - 23. Calculate the remainder when t is divided by 14.
10
Suppose 5*p - 21 = 54. Let d = -32 + 60. What is the remainder when d is divided by p?
13
Suppose 20 = y - 0*y + 3*c, -4*y - 4*c + 104 = 0. Calculate the remainder when 85 is divided by y.
27
Let u(q) = 12 - 6 + 4*q + 2 + 9. What is the remainder when u(13) is divided by 18?
15
Let j(y) = -3*y - 6. Let g = 6 + -10. Let m be j(g). Suppose -2*i + m*i + 5*u - 101 = 0, -i - 2*u + 29 = 0. Calculate the remainder when 56 is divided by i.
18
Let l = -48 - -89. Suppose 12 + 30 = 3*n. What is the remainder when l is divided by n?
13
Let u = -84 - -89. What is the remainder when 18 is divided by u?
3
Suppose 0 = -5*b + 6 + 34. Let r = b + -2. Suppose -g - g - 4*x + 18 = 0, 12 = g - x. Calculate the remainder when g is divided by r.
5
Suppose 7*s + 120 - 316 = 0. Calculate the remainder when s is divided by 6.
4
Let q be (-3)/9*31*3. Let s = q + 56. Calculate the remainder when s is divided by 9.
7
Let s be (-79)/9 - 2/9. Let y be (-2)/(21/s - -3). What is the remainder when 43 is divided by 1*15*(4 + y)?
13
Let n = 30 + -4. What is the remainder when 102 is divided by n?
24
Suppose 0 = -4*t - 0*t + 4. Let s(c) = c**2 + c - 5. Calculate the remainder when s(-3) is divided by t.
0
Let y(u) = -u**2 - 2*u + 78. Calculate the remainder when y(0) is divided by 27.
24
Suppose 19 = 3*g + 5*r, 0 = -3*g + 5*g - 2*r - 2. Suppose 0 = c + g*c - 24. What is the remainder when c is divided by 2?
0
Suppose 0 = -2*h + 3*p + 25, h = -5*p + 34 + 11. Let m = h + -3. What is the remainder when 65 is divided by m?
14
Let a(q) be the second derivative of q**5/20 + 7*q**4/12 + q**3 + q**2 + 3*q. Calculate the remainder when a(-4) is divided by 9.
8
Let p(s) = 5*s + 26. Let b(d) = d + 5. Let c(f) = 11*b(f) - 2*p(f). What is the remainder when c(7) is divided by 4?
2
Let p = 71 - 39. Suppose -5*h - 30 = 2*u - 73, 3*h - 5*u - p = 0. Calculate the remainder when 25 is divided by h.
7
Calculate the remainder when 47*(-1)/(-1) - 0 is divided by (-2848)/(-176) - (-2)/(-11).
15
Suppose 4 = 4*a + 2*i - 10, -1 = 4*a + 5*i. Calculate the remainder when a/4 + 333/6 is divided by 20.
17
Let j be -29 + 2 - 2/2. Let n = 88 + j. Suppose 0 = -3*o - 12 + n. Calculate the remainder when 46 is divided by o.
14
Let x(g) be the first derivative of g**2/2 + 2*g - 2. What is the remainder when 0 + -3 + 8 + -2 is divided by x(0)?
1
Let l(d) = d**3 + 6*d**2 - 4*d + 1. Calculate the remainder when 98 is divided by l(-6).
23
Let k be 3/((-3)/(9/(-3))). Calculate the remainder when 61 is divided by 3*(k - 2) - -13.
13
Let g = -4 - -7. Suppose 4*c = 5*v - 38, 5*c - 7 = -v + 18. Calculate the remainder when v is divided by g.
1
Let b = -18 + 65. Suppose b = 4*z + 3*m - 1, 4*z = m + 64. What is the remainder when 44 is divided by z?
14
Let i(f) = f + 11. What is the remainder when i(0) is divided by 3?
2
Let i(t) = 22*t - 29. What is the remainder when i(3) is divided by (-36)/(-1*2) + 1?
18
Let h(z) = 4*z**3 - z**2 + z - 2. What is the remainder when 111 is divided by h(2)?
27
Suppose -r + 0*r - 5*k + 24 = 0, 24 = 3*r - k. What is the remainder when 26 is divided by r?
8
Let x(q) = -7*q. Calculate the remainder when 167 is divided by x(-4).
27
Suppose 6 = -4*p + 38. Suppose 0 = 4*n - 45 - 15. Calculate the remainder when n is divided by p.
7
Let w(v) = -13 - 9*v + 5 + 11*v. Let j be w(6). Suppose 0 = 3*h - k - 36, -h - h = j*k - 24. Calculate the remainder when 23 is divided by h.
11
Let t be 0 - (2 + 38/(-2)). Let g = -15 + t. Calculate the remainder when 2 is divided by g.
0
Suppose -26 = -5*y + 9. Calculate the remainder when 20 is divided by y.
6
Let r be 60/(-2)*5/(-10). Suppose r = h + 2. Calculate the remainder when 37 is divided by h.
11
Let u(h) be the first derivative of h**4/2 - 8*h**3/3 + 2*h**2 + 6*h + 2. What is the remainder when u(5) is divided by 26?
24
What is the remainder when 56 is divided by 1*20/(-12)*-9?
11
Suppose 15 = -3*m, 0 = 3*i + 2*i - 3*m + 5. Let l be ((-6)/i - 1)*0. Suppose 5*p = -l*p + 30. What is the remainder when 16 is divided by p?
4
Suppose -4*l + 3 = -3*r, 4*r = -l + 2*r + 9. What is the remainder when l is divided by (-4)/(-3)*(-9)/(-6)?
1
Let k(t) = -t**2 + 10*t - 8. Calculate the remainder when 75*((-21)/9 + 3) is divided by k(7).
11
Suppose -3*j + 173 + 58 = 0. Calculate the remainder when j is divided by 13.
12
Suppose 8*q = 77 + 179. What is the remainder when q is divided by 23?
9
Let y(w) = -4*w - 5. Let a be y(-2). Suppose a*o + 6 = 4*g + o, -3*g + 7 = -4*o. What is the remainder when (-1 + 2)/(4/8) is divided by g?
0
Let g(b) be the third derivative of -2*b**2 + 0*b - b**3 + 0 + 5/12*b**4. What is the remainder when g(5) is divided by 15?
14
Let a = 1 + 1. Suppose a*j - 72 = -2*j. Suppose 24 = 2*x + q, -x = -0*x + 2*q - j. Calculate the remainder when 29 is divided by x.
9
Suppose -4*a = 5*m - 6*m - 194, 0 = -5*m + 10. What is the remainder when a is divided by 25?
24
Calculate the remainder when 52 is divided by (-57)/6*2*-1.
14
What is the remainder when 88 is divided by (4/3 - 2)/(2/(-90))?
28
Suppose -2*h = j - 41, -8*h = -6*h - 2*j - 56. Calculate the remainder when h is divided by 13.
10
What is the remainder when 27 is divided by 160/(-56)*(-7)/2?
7
Suppose 2*n = 4*a - 90, 5*n = 5*a - 143 + 23. Suppose 2*v - 4*v = -16. Calculate the remainder when a is divided by v.
5
Let n = 14 + -21. Let m = 7 + n. Suppose 3*c + 0*c + j - 55 = m, 4*c + 2*j - 74 = 0. What is the remainder when 53 is divided by c?
17
Let g(z) = 2*z**2 - z. Suppose 2*d + 13 = 35. What is the remainder when d is divided by g(2)?
5
Let p(l) = l**2 - 7*l. Let b be p(7). Suppose b = -4*h + 46 + 46. Let s = -16 + h. What is the remainder when 26 is divided by s?
5
What is the remainder when 19 is divided by 2/(-11) + 336/33?
9
Suppose 4*m - 74 = -0*n + 3*n, -3*m - 72 = 2*n. Let y = n - -96. What is the remainder when y is divided by 17?
15
Let o be 40/(-7) + (-2)/7. Calculate the remainder when (o/(-9))/((-2)/(-42)) is divided by (-4)/(-10) + (-38)/(-5).
6
Let s(w) = -w**2 + 7*w - 6. Let m be s(5). Suppose 0 = p - m + 3. Let g(q) = 35*q**2. What is the remainder when g(p) is divided by 9?
8
Let g = -42 - -68. Suppose -2*l + l + g = 0. Calculate the remainder when l is divided by 14.
12
Let x = -40 - -57. Calculate the remainder when 84 is divided by x.
16
Let k(w) = w**2 + 7*w + 7. Suppose -5*c - 4 + 0 = -b, 5*b + 24 = 3*c. Let i be k(b). Let r = 0 + i. What is the remainder when 2 is divided by r?
0
Let h(t) = 7*t + 35. Calculate the remainder when h(10) is divided by 12.
9
What is the remainder when (-3 - 0)*1/(-1) is divided by 1?
0
Let t = -3 - -7. Calculate the remainder when 37 is divided by 15 - (-2)/(-4)*t.
11
Let l = -30 + 32. Calculate the remainder when 7 is divided by l.
1
Suppose 0 = 5*x - 5*j - 83 - 22, -3*x + 67 = -4*j. What is the remainder when 32 is divided by x?
15
Let p be (-34 - -1)*(-1)/3. Let y(b) = 2*b + 3*b + p - b - 4. Calculate the remainder when y(6) is divided by 11.
9
Let v be 24/(-10)*(-5)/(-1). What is the remainder when 34 is divided by (-3)/(3 - (-38)/v)?
16
Let i = -1 - -2. Calculate the remainder when (-3)/(44/(-8) + 4) is divided by i.
0
Let g(t) = 2*t - 2. What is the remainder when (-1 - -15) + -2 - -2 is divided by g(5)?
6
Let o be (4*-1)/(-1) + 1. Let c be (-14)/(-35) + 688/o. Calculate the remainder when (1/(-3))/((-2)/c) is divided by 13.
10
Let q = 21 + 59. What is the remainder when q is divided by 27?
26
Let w = 13 + 2. What is the remainder when w is divided by 10?
5
Suppose -o = -4*m - 104, o = -4*m + 149 - 37. Calculate the remainder when o is divided by 10.
8
Calculate the remainder when (70/49)/((-3)/(-105)) is divided by 27.
23
Let p(j) = -38*j - 3. What is the remainder when p(-5) is divided by 27?
25
Let b(q) = q**3 - q + 5. Let m be b(0). Let u = m + -2. Let w = u + 0. Calculate the remainder when 3 is divided by w.
0
Let p = -74 - -128. What is the remainder when 159 is divided by p?
51
Suppose 150 = -5*h + 7*h. What is the remainder when h is divided by 19?
18
Let s = 23 - -4. What is the remainder when 52 is divide